101 = 3*b. List the prime factors of b.
101
Let p(k) = -2*k - 2. Let o(b) = b**3 + 7*b**2 + b - 2. Let v = 5 - 12. Let a be o(v). List the prime factors of p(a).
2
Let m(p) = 49*p**2 - 1. Let b be m(-1). Suppose 7*j - 11*j - b = 0. What are the prime factors of ((-4)/6)/(j/630)?
5, 7
Let w(z) = -64*z - 48. What are the prime factors of w(-9)?
2, 3, 11
Let i = -1065 + 1875. What are the prime factors of i?
2, 3, 5
Suppose -3*y - h + 10 = 0, -3*h - 2 = -y + 8. List the prime factors of (-2)/3*3 + (285 - y).
3, 31
Let l(k) = -40*k**3 - 7*k - 9. Let u be l(-2). Suppose -4*d = d - u. List the prime factors of d.
5, 13
Suppose 183 = -3*k + b + 2*b, 0 = 5*b - 25. Let i = -33 - k. List the prime factors of i.
23
Let d = -139 + 194. List the prime factors of d.
5, 11
Suppose -360 = 5*k - 11*k. Suppose -6*i + k = -i. List the prime factors of i.
2, 3
Suppose 0 = -4*m, 6*j - 2*m - 16 = 2*j. What are the prime factors of (j + -1)/((-3)/(-91))?
7, 13
Let l(g) be the first derivative of 115*g**3/3 + g + 17. What are the prime factors of l(1)?
2, 29
Let m(x) = x**3 - 10*x**2 + 8*x. Let p be m(6). Let k(o) = -59*o + 2. Let z be k(1). Let l = z - p. What are the prime factors of l?
3, 13
Let t(h) = -6*h**3 - 7*h**2 + 12*h + 6. What are the prime factors of t(-5)?
521
Let t(c) = -c + 3. Let r be t(0). Suppose -r*x + 134 = 26. What are the prime factors of x?
2, 3
Suppose 15 = -5*k - 45. Let a(m) = -2*m**3 - 24*m**2 - 2*m + 19. Let i(q) = q**3 + 12*q**2 + q - 9. Let x(u) = 6*a(u) + 11*i(u). List the prime factors of x(k).
3
Suppose 0 = 6*w + 3*w - 1449. Let x = w - 112. What are the prime factors of x?
7
Suppose 3*k + 2*k = 25. Suppose 3*z + 66 = k*z. List the prime factors of z.
3, 11
Suppose 44 = -4*j + 4*r - 16, -4*r = -j - 21. Let g = 98 + j. What are the prime factors of g?
5, 17
Let w = -2282 - -3681. List the prime factors of w.
1399
Let l be (-1170)/(-70) + -2 + 48/21. Let v(g) = -3*g + 93. What are the prime factors of v(l)?
2, 3, 7
Let x(c) = c + 74. Let v be x(0). Suppose -6*n + 5*n = v. Let f = 118 + n. What are the prime factors of f?
2, 11
Let p(t) be the second derivative of -t**5/20 - 2*t**4/3 - t**3/6 - 4*t**2 + 13*t. Let c be p(-8). Suppose c = -5*g + 6*g - 57. List the prime factors of g.
3, 19
Suppose t - 4*t = -1305. Suppose -4*x + t = -25. What are the prime factors of x?
5, 23
Suppose n = u - 7, -2*u - 5 = 2*n + 1. Suppose -k - 4*j - 23 = 0, -4*k - 1 = -u*k - j. What are the prime factors of 16 + 1 - 3/k?
2, 3
Let o(x) = -x**2 + 13*x + 2. Let c be o(13). Suppose 7*t - c*t = -b, 4*t = -5*b. Suppose t = 3*a - 72 - 126. List the prime factors of a.
2, 3, 11
Let r = 18 - 21. Let t be -3 - (-135 + 0 + r). Let l = -93 + t. What are the prime factors of l?
2, 3, 7
Let c = 2 + 16. Let y = 29 - c. Suppose -6*q + y*q = 4*n - 88, -3*n + 31 = 5*q. List the prime factors of n.
17
Let j be -1 + (-2 + 1)/1. Let n(w) be the third derivative of w**6/120 + w**5/12 + w**4/24 - w**3/6 + 2*w**2 + 6. List the prime factors of n(j).
3
Suppose 10*o - 25747 = 12473. What are the prime factors of o?
2, 3, 7, 13
Let m(b) = b + 1. Let o be m(2). Suppose l + 4*i - 2 = 0, -5*i - 2 = -o*l + 4. List the prime factors of 18/(1 - 0) + l.
2, 5
Suppose 3*o - 5*h - 445 = 0, 55*h - 54*h - 578 = -4*o. List the prime factors of o.
5, 29
Let i = -70 - -109. Suppose 2*j + i = 161. What are the prime factors of j?
61
Suppose -10327 = -20*l + 16133. What are the prime factors of l?
3, 7
Suppose 0*t - t - 11 = 5*z, -t - 9 = 4*z. Let o be t/4 - (-522)/8. What are the prime factors of 4430/o - (-6)/(-39)?
2, 17
Let o(f) = 17*f**2 + 17*f - 9. List the prime factors of o(8).
3, 5
Suppose -y + 45 = 4*k, 4*k + 2*y = -0*k + 50. Suppose v = -3*c - k - 34, -3*c + 62 = -v. Let a = -28 - v. What are the prime factors of a?
5
Suppose 25*o = 20*o + 1915. List the prime factors of o.
383
Suppose -r = y - 21, -2*y - 3*y - 4*r + 104 = 0. List the prime factors of y.
2, 5
Suppose -4 + 16 = 4*k. Suppose -75 = k*m - 285. Suppose -5*o = -10*o + m. What are the prime factors of o?
2, 7
Suppose 6*h - 1 = 29. Suppose -3*y + 0*y + 452 = -2*d, -3*d - 755 = -h*y. List the prime factors of y.
2, 7, 11
Suppose -4*h + 2*h + 10 = 5*x, h - 5 = -5*x. Suppose 2*w - 112 = h*y, y = -4*w - w + 226. List the prime factors of w.
2, 23
Suppose 0 = 3*r, -4*o + 4*r - 6 + 26 = 0. Suppose -o*j + s = -22 - 309, -2*s = 2. What are the prime factors of j?
2, 3, 11
Let j(z) = 10*z + 1. Suppose 53 - 17 = 3*m. Let d = -11 + m. List the prime factors of j(d).
11
Let i = 48 + 20. List the prime factors of i.
2, 17
Let n = -2232 + 3702. What are the prime factors of n?
2, 3, 5, 7
Let q(b) = b**2 - b - 1. Let j(z) = 5*z**3 - 6*z**2 + 3*z - 4. Let u(p) = j(p) + 3*q(p). List the prime factors of u(3).
101
Let w = 2781 - 1246. List the prime factors of w.
5, 307
Suppose -2*m - 2*m = -3*b + 36, 0 = -m - 3*b - 9. Let n = 86 + -61. Let p = n + m. List the prime factors of p.
2
Suppose 0 = -3*w + 2*u + 165, w + 3*w + 3*u - 220 = 0. Suppose -3*y + 4*l = -w, y - 5*l - 25 = -3. List the prime factors of y.
17
Suppose 5434 = 5*c + 4*w, c - 27*w + 23*w - 1082 = 0. What are the prime factors of c?
2, 3, 181
Let r(h) = -h**2 + 3*h + 2. Let f(p) = -2*p**2 + 7*p + 3. Let l(g) = 3*f(g) - 5*r(g). Let j be l(7). What are the prime factors of (-6)/j + (-138)/(-8)?
2, 3
Suppose 543 = a - 4*i, -2*i = 5*a - 2*a - 1657. What are the prime factors of a?
19, 29
Let p(r) = -r**3 + 15*r**2 + 20*r - 32. List the prime factors of p(16).
2
Let w(y) = 12*y**2 - 12 + 14 - 3*y + 21*y**2. Let r be ((-7)/(-14))/(3/6). What are the prime factors of w(r)?
2
Let f(o) = -4*o - 7*o + 12*o - 4 + 21*o. List the prime factors of f(2).
2, 5
Suppose 4*p + 8 = 0, 5*p + 0 + 14 = 2*b. Let u be (b/6)/(2/30). Suppose -6*y + y = q - 50, u*q + 10 = y. What are the prime factors of y?
2, 5
Let r be 28/8 + -3 + (-21)/(-2). Suppose -4*n = -r*n + 875. What are the prime factors of n?
5
Let w be 11/(-33) + 26/6. Let v(m) = -w - 8*m + 11*m + 2 + 3*m**2. What are the prime factors of v(-4)?
2, 17
Let o(r) = -r**3 + 15*r**2 + r - 4. Let i = -1 - -16. Let w be o(i). Let d = w - -51. List the prime factors of d.
2, 31
Let x = -138 - -243. List the prime factors of x/(-42)*636/(-10).
3, 53
Suppose -4*i - 1 = -9. Let a(w) = 114*w**3 - 2*w**2 + 2*w + 2. Let l be a(i). What are the prime factors of l/25 - 4/10?
2, 3
Let m(y) = y**2 + 2*y - 2. Let f be 2/(-1 - (-3)/9). Let o(t) = t**2 + 3*t - 3. Let l(a) = f*o(a) + 5*m(a). List the prime factors of l(-3).
2, 7
Suppose -2 + 14 = 2*f. Let v = -118 - -109. What are the prime factors of 166/f - v/27?
2, 7
Let b = 269 - -364. Suppose -49 = -11*m + b. What are the prime factors of m?
2, 31
Let n be 26/6 - (-4)/6. Suppose n*w - 265 = 160. Suppose w - 22 = 3*p. List the prime factors of p.
3, 7
Let o be (8 - (-9)/(-3))/1. Suppose -4*q = o*x - 123 - 34, -3*x = -15. Suppose -p + q = 2*i + 2*i, -3*i + p = -30. What are the prime factors of i?
3
Let h = -58 + 57. Let q be 108/(-8) - (-6)/4. What are the prime factors of h*1 + (-852)/q?
2, 5, 7
Let m(f) be the first derivative of f**3/3 - 2*f**2 + 4*f - 8. List the prime factors of m(4).
2
Let p = -36 + 36. Suppose q - 5*s - 57 = p, -205 = -3*q - 2*q + 5*s. List the prime factors of q.
37
Suppose 2336 = 11*m - 7*m + 5*f, 0 = -m + 2*f + 571. List the prime factors of m.
3, 193
Let m be (-13 + 45)/((-2)/4*2). List the prime factors of (2 + m/3)*-3.
2, 13
Let r(f) = 3*f**3 - 40*f**2 - 78*f - 11. Let i(c) = 2*c**3 - 20*c**2 - 39*c - 6. Let p(x) = 5*i(x) - 3*r(x). List the prime factors of p(-17).
3, 23
Let z be 4 - (-6 - -2 - -12). List the prime factors of ((-219)/9)/(z/12).
73
Let i(a) = a - 43 - 20 + 4 + 9*a. What are the prime factors of i(12)?
61
What are the prime factors of 42/(-6) - -10 - -1655?
2, 829
Suppose -m + 7 = 4*i, -i = -4*m + 2*m - 4. Suppose -c + i = -1. Suppose -57 + 3 = -c*j. List the prime factors of j.
2, 3
Suppose 2*b + 3 = 7. Suppose -6*y + b*y = -104. List the prime factors of y.
2, 13
Suppose -2*b + 2*p + 2964 = 0, -4*b - 4*p + 1608 = -4344. List the prime factors of b.
3, 5, 11
Let w be (29 - 13)/(-1*1). Let z(j) = j**3 + 18*j**2 + 31*j + 20. List the prime factors of z(w).
2, 3
Let m(h) = 4*h**2 - 2*h - 2. Suppose -4*r + 6 = 3*k - 6, 8 = -4*r + 2*k. Suppose -3*p - 7 = -i, 3*i + 5*p - 3